is divided by g?
2
Let a = 54 - 17. Calculate the remainder when a is divided by (15/(-35) + (-1)/(-1))*231/6.
15
Let w be -2 - 3 - -5 - (22 - 2). Let z = 90 + w. What is the remainder when 277 is divided by z?
67
Let l = 609 - 562. Calculate the remainder when 176 is divided by l.
35
Suppose -135 = -3*k - t, -2 = -k - t + 43. Calculate the remainder when 1019 is divided by k.
29
Let s = 1963 - 1907. What is the remainder when s is divided by 18/(-4*3/(-8))?
8
Suppose -3*q = 4*m - 4939, 4*m - 89*q = -91*q + 4946. Calculate the remainder when m is divided by 9.
7
Suppose 175 = 7*g - 2*g. Let j(c) = -2*c**3 - 7*c**2 - 5*c - 3. Let x be j(-3). Calculate the remainder when g is divided by 1 - (x + -20) - (-24 - -23).
16
Let x(r) = r**3 + 6*r**2 + 7*r + 5. Suppose -3*s - 13 = -4*s. Suppose -35 = -2*b + s. Calculate the remainder when b is divided by x(-4).
6
Suppose -q = -0*q - 77. What is the remainder when q is divided by 14*(212/21 + -6 - 8/3)?
17
Suppose 20 = 5*l, -4*l - 244 = 1769*y - 1774*y. Calculate the remainder when (-309)/6*(1 - 3) is divided by y.
51
Let x(l) = l + 31. Let s be x(-10). Let d(z) = 2*z - 44. Let i be d(s). Calculate the remainder when 172/12 + i/12*2 is divided by 7.
0
Suppose 3*i + 63 = 57. What is the remainder when 221 is divided by 48 - (2 - 0/i)?
37
Suppose 0 = 5*w + 63 - 608. Calculate the remainder when w is divided by 24/(-5) - 7/35 - -19.
11
Let j(q) = 48 + 383*q - 195*q + 42 - 167*q. What is the remainder when 456 is divided by j(-3)?
24
Suppose 54*s - 180 = 42*s. Calculate the remainder when (-36)/15*(-650)/15 is divided by s.
14
Let h = 362 - 342. Calculate the remainder when h is divided by 18*((-2)/(-11) - (-5)/33).
2
Let p = 234 - -125. What is the remainder when p is divided by 45?
44
Let w(b) = 36*b - 19. Let t be w(-4). Let p = 169 + t. Suppose -4*m = -2*d + 16, -5*m = -3*m + 4. Calculate the remainder when p is divided by d.
2
Suppose 5*f + 534 = 5*x + 74, -3*x + 272 = -4*f. What is the remainder when 2490 is divided by x?
90
Let f(m) = -2*m**2 - 27*m + 64. Suppose 377 - 65 = -24*b. What is the remainder when f(b) is divided by 33?
11
Suppose 0 = 28*c + 1192 - 3320. Let g be (-1 - 1/(-2))*0. Suppose 2*r - q - 38 = g, r + 2*q + 9 = 33. Calculate the remainder when c is divided by r.
16
Let h = 2306 + -1958. Calculate the remainder when h is divided by 179.
169
Let w = -1148 - -748. Let l = w - -447. What is the remainder when 373 is divided by l?
44
Let n(z) = -72*z**2 + 3*z + 2. Let c be n(-2). Let w be 1/(c/72 - -4). Let p = -10 - w. Calculate the remainder when 21 is divided by p.
5
Suppose 2*c - 229 = -3*w, 256 = 3*c + 5*w - 89. What is the remainder when 1758 is divided by c?
108
Calculate the remainder when 1421 is divided by (-8892)/(-130) - 3/(-5).
41
Let g be 0 - (-9)/(18/200). Let d = 78 - 73. Suppose d*r = -5*t + g, 4*t = 7*t - 12. Calculate the remainder when 59 is divided by r.
11
Suppose -9*a + 568 = 154. Calculate the remainder when a is divided by 33.
13
What is the remainder when 507 is divided by ((17 - 14) + (-97)/(-3))/((-10)/(-15))?
30
Suppose 53*u + 114*u - 24716 = 0. Calculate the remainder when u is divided by 4.
0
Let s = -32 + 45. Suppose -21*j + 18*j + 6 = 0. Suppose 3*g = -0*g - j*k + 122, -112 = -3*g - 4*k. What is the remainder when g is divided by s?
5
Let r = 2230 - 1587. Calculate the remainder when r is divided by (832/(-130) - -7) + (-402)/(-5).
76
Let v = -149 - -273. Suppose k - x = x + 62, -2*k - 4*x = -v. Suppose 5*g = -2*w + 5*w + 59, 5*g + 3*w - 71 = 0. What is the remainder when k is divided by g?
10
Suppose 8*n + 329 = 13*n + 4*f, 0 = 7*n - 4*f - 451. What is the remainder when 305 is divided by n?
45
Suppose 0 = 8*j - 30 + 30. Let y(f) = -4*f + 33. What is the remainder when 65 is divided by y(j)?
32
What is the remainder when 128/(-24) + 7 - 9094/(-3) is divided by 37?
36
Let x(b) = b**3 - 14*b**2 - 36*b + 304. What is the remainder when x(16) is divided by 119?
2
Suppose 14*r = 11*r + 699. Suppose -r = -4*m + m - 4*d, -328 = -4*m - d. Suppose -u + 3*h = u - m, 20 = 4*h. What is the remainder when 340 is divided by u?
46
Suppose -511 = 4*y - 5*h - 829, 2*y = -2*h + 186. Calculate the remainder when y is divided by 146/8 + 1/(-4).
15
Let x(q) = -q**3 - 8*q**2 - 3*q - 20. Let h be x(-8). Suppose -h*m = 12*m - 816. Let g(w) = w**3 + w**2 + 14. What is the remainder when m is divided by g(0)?
9
Let p = 25208 + -9160. What is the remainder when p is divided by 10?
8
Suppose 3*v = -2*i + 92, 2*i + 112 = -406*v + 409*v. Calculate the remainder when 294 is divided by v.
22
Let b = 98 + -13. Suppose 3*o + 2*n - b + 32 = 0, 2*n + 23 = o. Suppose 3*l = -2*w + 103, l + 2*w = -o + 60. Calculate the remainder when l is divided by 21.
10
Let q(f) = f**2 + 33*f + 200. Let i be q(-7). Let n = 20 + -4. Let z = n + i. Calculate the remainder when z is divided by 9.
7
Let n = 211816 + -211776. What is the remainder when (107/3)/((-2)/(-6)) is divided by n?
27
Let v = -3 + 17. What is the remainder when (-56)/(-21) + -2 - 400/(-3) is divided by v?
8
Suppose 2*t = u, -7*u + 2*u = -3*t. Suppose -2*v - 3*o + 431 = t, -5*o = -0*v + v - 219. Let q = 123 - 99. What is the remainder when v is divided by q?
22
Let p be (-12)/(-12) - (-14 - -1). Suppose 5*u - 492 = 48. What is the remainder when u is divided by 257/7 - ((-18)/p + 1)?
34
Suppose 8*h - 14*h = -14*h + 8032. What is the remainder when h is divided by 48?
44
Let y be (5 - 0) + (844/(-10) - (-62)/155). Let c be (-4)/(1/(-28) + 0). Let t = c + y. Calculate the remainder when t is divided by 9.
6
Let f = 27269 - 27244. Suppose -2*d + 91 = -5*r - 73, d - 77 = 5*r. Calculate the remainder when d is divided by f.
12
Suppose 3*v = 3*k + 47 + 1, -5*k = 5. Let a = -23 + 26. Suppose 88 = a*n - 83. What is the remainder when n is divided by v?
12
Suppose 62*r - 59*r - s = 285, 2*r = 3*s + 190. Calculate the remainder when 2183 is divided by r.
93
Let r(o) = -o**3 - 4*o**2 - 10*o - 12. Suppose 15 = 5*n - 8*n. Suppose j - 96 = -5*j. What is the remainder when r(n) is divided by j?
15
Let g = -664 - -684. Suppose -618 = -6*x + 2*x + 2*m, -2*x + 297 = -5*m. What is the remainder when x is divided by g?
16
Let p(c) = -4*c - 1. Let n(b) = -b + 154. Let u(r) = -3*r + 540. Let y(l) = 18*n(l) - 5*u(l). Calculate the remainder when y(17) is divided by p(-3).
10
Suppose 2*g = -3*s + 42, 0 = -g - 2*g + s + 74. Calculate the remainder when 1696 + -1701 - ((-2)/(-7) - 1712/14) is divided by g.
21
Let k(h) = -70*h + 1. Let f be k(-1). Suppose 77 + f = -4*b. Let r = 97 + b. Calculate the remainder when r is divided by 9.
6
Let c = -147 - -231. Let g = -122 + 214. Let p = g - c. Calculate the remainder when p is divided by 5.
3
Let q(u) = 6*u**3 - u**2 - u - 21. Let s(a) = -5*a**3 + a**2 + 2*a + 19. Let n(d) = -4*q(d) - 5*s(d). Calculate the remainder when 489 is divided by n(4).
8
Let j(v) = 3*v**2 + 0*v**2 - 4*v**2 - 12*v + 23. Let f be j(-13). What is the remainder when -12*(-4 + f/6) is divided by 3?
1
Let a = -400 - 548. Let s(o) = 5*o**2 + 2*o + 3. What is the remainder when s(-4) is divided by a/(-48) - 6/8?
18
Let c = -506 + 720. Let m = 166 + -127. Calculate the remainder when m is divided by 0 - c/(-14) - (-62)/(-217).
9
Suppose -2*l = -7*l + 115. Let u = 83738 + -83667. Calculate the remainder when u is divided by l.
2
Let v(u) be the second derivative of -u**4/12 - 19*u**3/6 + 49*u**2/2 - 92*u. What is the remainder when 104 is divided by v(-21)?
6
Suppose -4*p = 2*t - 4924, 40*t = 37*t - 3*p + 7377. Calculate the remainder when t is divided by 117.
116
Suppose -95*k + 84*k = -209. Let c = 13 + -11. Suppose -463 = -4*y + 5*s, c*s = 2*y - 3*y + 106. Calculate the remainder when y is divided by k.
17
Let c = 30 + -15. Let r(h) = -h**2 - 3*h + 8. Suppose 12*a - 2*a = 0. What is the remainder when c is divided by r(a)?
7
Let n(y) be the second derivative of -3*y**4/4 + y**3/2 - y**2 + 3*y. Let q be n(2). Let c = q - -39. What is the remainder when 13 is divided by c?
6
Suppose -19*z = -13*z - 66. Suppose a + 0 = z. Suppose 0 = -0*o + a*o - 99. What is the remainder when 53 is divided by o?
8
Calculate the remainder when (3/(-36)*10)/(215/(-387))*1230 is divided by 42.
39
Let m be 56/2 + 0 - -4. Suppose 4*b + m = -0*b. Calculate the remainder 